se
Is 387556441 a prime number?
True
Is 11444986429 a prime number?
True
Is 46279815607 a prime number?
True
Is 5277680161 a composite number?
True
Is 925492885 a composite number?
True
Is 43474233931 a composite number?
True
Is 21321556469 a composite number?
True
Is 732465967 prime?
False
Is 137320833233 a composite number?
False
Is 4676926811 prime?
False
Is 49013725853 a prime number?
True
Is 38772911249 composite?
False
Is 877264343 a prime number?
False
Is 38160252769 a composite number?
True
Is 7116152653 a composite number?
True
Is 1450553179 a composite number?
True
Is 5692645327 a prime number?
True
Is 25294382339 prime?
False
Is 67820673997 prime?
True
Is 415476361 prime?
False
Is 266472139 composite?
False
Is 186220858459 a prime number?
False
Is 2379242851 a composite number?
True
Is 233880193 composite?
False
Is 43992849533 composite?
True
Is 14493283313 a composite number?
False
Is 750283187 composite?
False
Is 4246716437 composite?
False
Is 56058161 composite?
True
Is 1437212411 a prime number?
True
Is 14349005767 a prime number?
False
Is 40974133 prime?
False
Is 65108597 prime?
False
Is 52819096517 a prime number?
False
Is 2658618689 a composite number?
True
Is 1337585561 prime?
False
Is 24321961817 composite?
True
Is 29931624869 a prime number?
True
Is 4097208767 a prime number?
True
Is 1579046303 a composite number?
False
Is 84715926287 prime?
True
Is 4989541253 a composite number?
False
Is 4892077181 prime?
True
Is 45636866623 composite?
False
Is 2216511203 a prime number?
False
Is 20901367167 a composite number?
True
Is 49466230123 a prime number?
True
Is 157889509 a composite number?
True
Is 4904688319 a prime number?
True
Is 39081901 a composite number?
True
Is 323719477 a prime number?
False
Is 13373075803 a prime number?
False
Is 44183929 prime?
True
Is 7187130953 composite?
True
Is 154063253017 composite?
False
Is 1029765887 composite?
False
Is 117067564909 a composite number?
False
Is 44725047441 a composite number?
True
Is 1329592591 a composite number?
True
Is 427489117331 composite?
True
Is 920746271 prime?
False
Is 30538964929 a composite number?
True
Is 2181135557 composite?
True
Is 169332308413 composite?
False
Is 16169209885 prime?
False
Is 3408468389 composite?
False
Is 2380286527 a prime number?
False
Is 1693490549 a prime number?
True
Is 78244963 a prime number?
True
Is 4795559191 a prime number?
False
Is 1393466861 a composite number?
False
Is 561883391 a composite number?
True
Is 9721507729 a prime number?
False
Is 13120698443 a composite number?
False
Is 406283879 a prime number?
True
Is 5215701499 a composite number?
False
Is 1610347619 composite?
False
Is 12587868641 a prime number?
True
Is 4053109691 a composite number?
True
Is 562549657 prime?
False
Is 7405401217 prime?
False
Is 443934811 prime?
False
Is 10841743717 prime?
False
Is 116220749 prime?
True
Is 1289997131 a prime number?
True
Is 38168034877 composite?
True
Is 57012168419 prime?
True
Is 644624807 composite?
False
Is 13854569783 prime?
True
Is 1241680469 a prime number?
False
Is 1220767469 a prime number?
False
Is 3390462137 composite?
False
Is 6150136789 prime?
True
Is 10282833811 a prime number?
True
Is 2277129473 composite?
False
Is 17689797883 prime?
True
Is 6281571442 a prime number?
False
Is 190031579 composite?
True
Is 301622021 prime?
True
Is 152549568247 composite?
True
Is 78724789987 a composite number?
True
Is 2318458799 prime?
True
Is 11551455563 a prime number?
True
Is 388059011 a prime number?
True
Is 52023583 a composite number?
False
Is 1820209751 prime?
False
Is 13383313639 prime?
True
Is 2281403147 composite?
False
Is 5359001741 a prime number?
True
Is 1268651633 a prime number?
False
Is 3595333981 a composite number?
True
Is 25134441691 a composite number?
True
Is 47771048989 a composite number?
False
Is 501433549 a prime number?
True
Is 1974205099 a prime number?
True
Is 23889761257 a composite number?
False
Is 196324129 composite?
False
Is 228520784837 a prime number?
True
Is 5169467603 a composite number?
True
Is 12074798551 composite?
False
Is 3335565907 composite?
False
Is 9727618751 a composite number?
True
Is 353451869 prime?
False
Is 1372862485 a prime number?
False
Is 1715369059 a prime number?
True
Is 190088160221 a prime number?
False
Is 17037587057 a prime number?
True
Is 10420900849 a composite number?
False
Is 9531883681 a prime number?
True
Is 1114156249 composite?
True
Is 1387791682 a prime number?
False
Is 1720526581 a composite number?
False
Is 2876982593 composite?
False
Is 140077141 prime?
False
Is 1754751799 a composite number?
False
Is 22820316559 a composite number?
True
Is 1164813821 a composite number?
True
Is 20765784803 prime?
True
Is 258106453 composite?
True
Is 12051970367 prime?
True
Is 743461063 prime?
True
Is 260002781 composite?
True
Is 295376351 a composite number?
False
Is 11854766309 a prime number?
True
Is 25231981003 composite?
True
Is 75376971773 a prime number?
False
Is 75553101667 composite?
False
Is 1998483587 composite?
False
Is 19399340341 a prime number?
False
Is 7861446727 composite?
True
Is 74724248429 composite?
False
Is 974184271 composite?
True
Is 261814442477 composite?
True
Is 1948621849 a composite number?
True
Is 30604611403 a composite number?
True
Is 5534734057 a prime number?
False
Is 2448451391 a composite number?
True
Is 5042773933 prime?
True
Is 211253398899 composite?
True
Is 696530339 a composite number?
True
Is 1994801531 composite?
False
Is 20513325601 a composite number?
True
Is 5127722761 a composite number?
True
Is 4463297219 a composite number?
False
Is 177565271 a prime number?
False
Is 1786009261 composite?
False
Is 212289262 composite?
True
Is 10505860369 a prime number?
True
Is 4106262379 composite?
False
Is 1217678989 a composite number?
False
Is 4624723937 composite?
True
Is 4335896713 a composite number?
True
Is 2728702371 a composite number?
True
Is 95423078383 composite?
False
Is 3313336487 prime?
False
Is 24614703121 composite?
True
Is 51136382107 composite?
False
Is 215614183463 composite?
True
Is 56244558467 composite?
True
Is 11708331623 a composite number?
False
Is 73259464153 prime?
True
Is 126741023 composite?
False
Is 785129417 composite?
False
Is 163909321 composite?
False
Is 8791326883 a prime number?
False
Is 366597013 prime?
True
Is 11772140239 composite?
False
Is 379032613 a composite number?
False
Is 138939313559 a composite number?
False
Is 2097591637 composite?
True
Is 2470922819 a composite number?
False
Is 5413466999 a prime number?
True
Is 2380010561 prime?
False
Is 63605548991 composite?
True
Is 992595371 a composite number?
True
Is 6641852339 composite?
True
Is 38371640035 prime?
False
Is 55585005121 a composite number?
False
Is 3230542987 composite?
True
Is 10024208563 composite?
False
Is 15753427889 prime?
True
Is 25899455 composite?
True
Is 3953793161 prime?
True
Is 41908526269 a composite number?
False
Is 448599817 a prime number?
True
Is 4409677003 a composite number?
True
Is 1924189607 a prime number?
True
Is 693861229 prime?
True
Is 411904721 prime?
False
Is 3063868303 a composite number?
False
Is 6497167711 prime?
True
Is 3449578673 a prime number?
True
Is 1709109847 a prime number?
True
Is 24637685279 a composite number?
True
Is 6245998973 a composite number?
False
Is 736834667 a composite number?
False
Is 39197297 composite?
True
Is 10719761663 prime?
False
Is 16752388501 a prime number?
False
Is 27386912503 a prime number?
False
Is 3964460902 composite?
True
Is 1622200177 prime?
False
Is 1256098367 a prime number?
True
Is 54686581 prime?
False
Is 111817123 a composite number?
True
Is 1013002 composite?
True
Is 40509654157 prime?
False
Is 3301740173 composite?
True
Is 2888327803 composite?
True
Is 20169875041 a prime number?
True
Is 3635794697 prime?
False
Is 686007199 a composite number?
True
Is 17415633889 composite?
False
Is 2586977257 a prime number?
True
Is 4172024953 a composite number?
False
Is 6250736279 composite?
False
Is 1875034619 prime?
True
Is 692025457 composite?
False
Is 1847576179 a composite number?
True
Is 1832451365 composite?
True
Is 435431551 prime?
False
Is 458584417 a composite number?
False
Is 3771319109 a prime number?
True
Is 7023874229 a prime number?
False
Is 141831251 a prime numbe